q + 12142, -2*q + 5*s + 6050 = -q. Suppose -13*d = -q - 2151. Suppose -6*j = -d - 442. What is the hundreds digit of j?
1
Let u(x) be the third derivative of -11*x**6/120 - x**5/15 - 5*x**4/24 - x**2. Let n = 36 - 38. What is the units digit of u(n)?
2
Suppose 2*u - 75 = -3*b + 108, -4*b = u - 79. Let o(t) = -2*t**2 - 4*t. Let d be o(4). Let a = d + u. What is the tens digit of a?
5
Suppose -350*x - 329*x - 771472 = -692*x. What is the ten thousands digit of x?
5
Let c be (2/(-4))/(18/16812). Let y = 868 + c. What is the tens digit of y?
0
Let x = -486 - -486. Let q(u) = -u + 10. Let o be q(6). Suppose -188 = -o*j - x*j. What is the tens digit of j?
4
Suppose 5*l + 23867 = 2*w, 5*l + 55 - 30 = 0. What is the tens digit of w?
2
Suppose 2*u - 2*s = 38066, 0 = -u + 2*s + 11933 + 7102. What is the hundreds digit of u?
0
Let t(q) = 4*q**2 + 7*q - 25. Let m = 5 - -5. What is the tens digit of t(m)?
4
Suppose -220 = 9*y - 6*y + 5*g, -2*y + 4*g = 132. Let m = y - -508. What is the units digit of m?
8
What is the ten thousands digit of -2 - (-1 + -65)*51/9*51?
1
Let x = -678 - -658. Let g(y) = y**2 + 5*y + 284. What is the hundreds digit of g(x)?
5
What is the thousands digit of 2535363/187 + 1/(-11)?
3
Suppose 4*v - 16119 = 5*g, 30*v + 4027 = 31*v - 4*g. What is the tens digit of v?
3
Let l(i) = -83*i - 93. Let p(t) = -t**2 - 11*t - 23. Let k be p(-7). Let z(d) = 55*d + 62. Let a(u) = k*l(u) + 7*z(u). What is the tens digit of a(-6)?
4
Let v = 320 + -318. Suppose -4*r + 55 = v*d + 13, 0 = -2*r + 2*d + 30. What is the tens digit of r?
1
Suppose 0 = 6*o - 7*o + 852. Suppose -2*a - x = -475, -5*x - 298 = -5*a + o. Let n = 357 - a. What is the tens digit of n?
2
Let f(v) = -40*v**3 + 6*v**2 + 10*v + 1. Let z be f(-2). Suppose -y = -z - 144. What is the units digit of y?
9
Suppose 6*a = -5*g + 96, -5*g + 6*a - 4*a + 88 = 0. What is the units digit of (-1*11)/(66/g + -4)?
3
Let s(k) = 11*k + 16. Let z be (-6)/(-1) + -1 - -1. Let o be s(z). Suppose 0 = b + 4*g - 28, -4*b + g - 4 = -o. What is the tens digit of b?
2
What is the units digit of (-2 + 9)/((-105)/90)*30274/(-4)?
1
Suppose 2*x = i - 39997, 4*x + 20282 = -i + 60315. What is the units digit of i?
9
Let j = 79 - 48. What is the hundreds digit of (-126 + 160)*(j/2 + 0)?
5
Let r be (-1)/3 - (-10)/3. Let j(x) = 5*x**3 + 3*x**2 - 8*x - 2. Let f(k) = -2*k**3 + k + 1. Let d(v) = -5*f(v) - j(v). What is the tens digit of d(r)?
1
Let n(t) = -7 - 38 - 12685*t + 12714*t. Let l be n(10). Let x = -56 + l. What is the tens digit of x?
8
Let z(l) = 651*l + 14110. What is the units digit of z(0)?
0
Let y = 262 + -258. Suppose -p - 1522 = -y*q + 752, -2*q = 3*p - 1144. What is the tens digit of q?
6
Let c(a) = 92*a**2 + 2*a + 11. Suppose -51*o = -66*o - 45. What is the hundreds digit of c(o)?
8
Let f = 7 + -3. Suppose -221 = -f*u - 0*u - 3*k, 3*k - 9 = 0. Suppose -5*p - u = -348. What is the units digit of p?
9
Suppose 0 = -7*l - 1 + 22. Let x be 7 + (l - 12/2). Suppose -x*s - 2*p + 14 = 0, -2*s + 5*p + 0*p - 23 = 0. What is the units digit of s?
1
Let i be (-6)/2*(7 + 168/(-18)). Suppose -v = -i*v + 1866. What is the units digit of v?
1
Suppose 0 = 47*p - 1535853 - 42615 + 240143. What is the ten thousands digit of p?
2
Let u(q) be the third derivative of 57*q**5/5 - q**4/12 - q**3/6 + 7*q**2 + 2. What is the units digit of u(-1)?
5
Let d be 7 + (0 - 1)*-1. Suppose 0 = -y + 4, -77*j = -74*j + y - 1264. Suppose 4*i = d*i - j. What is the hundreds digit of i?
1
Let h(l) = 184*l + 901. What is the ten thousands digit of h(51)?
1
Let y(m) = 11*m**2 + 100*m + 249. What is the units digit of y(26)?
5
What is the units digit of 5 - (-22)/((-352)/(-174864))?
4
Let g be -2*(943 - -5)/(-4). Let c = g - 50. What is the hundreds digit of c?
4
Let b be 21 - (-3 - -2) - 8. Let x(t) = 9*t**2 - 30*t + 58. What is the thousands digit of x(b)?
1
Let u be 6 - 3 - -95 - (5 + -4). Suppose 4*f - 65 = -t + 38, 4*f - t = u. What is the tens digit of (-9)/(-15) - (-1610)/f?
6
Suppose -5*w + 1119*d = 1116*d - 288627, d = -5*w + 288591. What is the hundreds digit of w?
7
Suppose 0 = -4*m + 17 + 11. Let g(a) = a - 4 + m*a - 3*a - 2*a. What is the tens digit of g(7)?
1
Let o = -22 + -63. Let j = 85 + o. Suppose -w = -2*v - 0*v + 530, 2*v + 2*w - 542 = j. What is the tens digit of v?
6
Let j(u) = -u - 2. Let q(c) = -c**2 + c + 3. Let a(f) = 7*j(f) + 4*q(f). Let h be a(-1). What is the hundreds digit of (h/(-4))/(4/(-1760)*-2)?
1
Let n(j) = -201*j**2 - j**3 - 11*j + 365*j**2 - 5 - 197*j**2. What is the hundreds digit of n(-33)?
3
Let d = 135 - 113. Suppose -d*h + 8*h + 2968 = 0. What is the units digit of h?
2
Let c = 39215 - 24789. What is the hundreds digit of c?
4
Let c(t) be the first derivative of t**6/360 + t**5/24 + 5*t**4/12 - 6*t**3 - 7. Let k(x) be the third derivative of c(x). What is the units digit of k(10)?
0
Let z(i) = -396*i**3 - 4*i**2 + 11*i + 23. What is the units digit of z(-3)?
6
Let d = 28 - 224. Let t = -148 - d. What is the units digit of t?
8
Let u(m) = -30*m**2 - 7*m - 3. Let c be u(-3). What is the units digit of 28/c - 2854/(-9)?
7
Let f = -190 - -217. Let a = 0 + 6. Suppose -7*t + f = -a*t. What is the units digit of t?
7
Let b be -4 + -2*(129 + 4). Let m be (12*-41 - -1)/(-1 - -2). Let n = b - m. What is the hundreds digit of n?
2
Let j = -3245 - -5490. Suppose j = -47*n + 52*n. What is the units digit of n?
9
Let p(c) = -2*c**2 - 8*c + 4. Let o be p(-4). Suppose o*s - i = -0*s - 32, -i = 5*s + 40. Let d = s + 12. What is the units digit of d?
4
Let x(v) be the second derivative of v**5/10 - v**4 - 11*v**3/6 + 6*v**2 + 19*v - 1. What is the units digit of x(9)?
9
Let i(t) = -2*t**3 - 20*t**2 + 78*t - 22. What is the thousands digit of i(-19)?
4
What is the tens digit of 11359740/175 - 11/(-55)?
1
Let z(q) = 2*q - 30. Let f be z(26). Suppose 5194 = f*v + 1498. What is the units digit of v?
8
Suppose 5*r + 5*v = 111325, r - 4*v - 6094 = 16196. What is the ten thousands digit of r?
2
Let m = 12538 + -3125. What is the hundreds digit of m?
4
Let o = 218053 + -143682. What is the ten thousands digit of o?
7
Let q be 2 + -313 - 25/(-10)*-2. Let r = 1206 + q. What is the hundreds digit of r?
8
Let h(m) = 15*m**2 + 5*m + 13. Let i be h(4). Suppose -43 = 2*d - i. Let z = 141 - d. What is the units digit of z?
6
Suppose -1454273 = 65*h - 4818153. What is the hundreds digit of h?
7
Let k(m) = m**3 - 18*m**2 + 26*m - 34. Let g be 6/(-84)*-259 + 2/(-4). What is the hundreds digit of k(g)?
4
Let h(a) = -a + 28. Let z be h(13). Suppose -1784 = z*t - 7079. What is the hundreds digit of t?
3
Suppose 11 = 5*s - 34. Suppose 4*u + 5*x = 104, -u = -x - 2*x - s. What is the hundreds digit of (-616)/(-6) - (-3 + 77/u)?
1
Suppose 21851 = 24*y - 6493. Let w = -851 + y. What is the tens digit of w?
3
Let b = -49088 + 118358. What is the units digit of b?
0
Suppose 8*y - 5210883 = -215*y + 52*y. What is the ten thousands digit of y?
3
What is the thousands digit of (88/(-308))/((-3)/140364)?
3
Let b = 33 - 134. Let m = b + 105. What is the units digit of 3/2 + 206/m?
3
Suppose -214*x + 1029926 + 3135799 + 3142589 = 0. What is the ten thousands digit of x?
3
Let f be -1 - (-1074 + (4 - -5)). Let y = -212 + f. What is the hundreds digit of y?
8
Let j(u) = -u - 3. Let h be j(2). Let s(y) = -26*y - 21. Let d be s(h). Suppose -653 = -6*r + d. What is the tens digit of r?
2
Let g = -17248 + 43055. What is the hundreds digit of g?
8
Let n(j) = -6 - 11 + 5*j - 11*j - j**2. Let p be n(-9). What is the units digit of (p/(-6))/(12/72)?
4
Let t be 4837/3*(-2 - -5). Suppose 10*c = 17*c - t. What is the hundreds digit of c?
6
Let g be 1*15*(-2)/(-6). Suppose 0*h + 2*h - g*y + 10 = 0, 4*h = y + 16. Suppose 0 = -w + 5*w - h*s - 947, 0 = 3*w + 5*s - 719. What is the units digit of w?
8
Let c(x) = -202*x**3 + 2*x**2 - 14*x - 29. What is the tens digit of c(-3)?
8
What is the units digit of -3*1/2*21184/(-6)?
6
Suppose 0 = -3*x + 4*j + 10, 4*x - 4*j = 6 + 6. Let i = 317 - 315. Suppose i*d + x*d = 624. What is the tens digit of d?
5
Let f be (-14)/(-4) + 20/40. Suppose 4*o - 90 = -t, -f*t - 3*o = o - 348. What is the units digit of t?
6
Let t be 732/14*(51 - 44). Suppose -4*k + 1366 = -2*x, 2*k - 311 - t = -5*x. What is the units digit of k?
1
What is the t